 the remainder when 1479128 is divided by 23.
21
Calculate the remainder when 142663319 is divided by 30.
29
What is the remainder when 17882 is divided by 3112?
2322
What is the remainder when 914829 is divided by 914713?
116
Calculate the remainder when 282706 is divided by 584.
50
What is the remainder when 166032 is divided by 83014?
4
What is the remainder when 239292335 is divided by 29?
24
Calculate the remainder when 192922 is divided by 11022.
5548
Calculate the remainder when 100796 is divided by 50390.
16
What is the remainder when 3008998 is divided by 41784?
550
What is the remainder when 5208142 is divided by 55?
27
Calculate the remainder when 109133858 is divided by 162.
128
What is the remainder when 3851 is divided by 372?
131
What is the remainder when 31469 is divided by 12913?
5643
Calculate the remainder when 751531 is divided by 142.
67
Calculate the remainder when 4157781 is divided by 11117.
23
Calculate the remainder when 92421600 is divided by 59550.
0
What is the remainder when 4498708 is divided by 264?
148
Calculate the remainder when 111246 is divided by 253.
179
What is the remainder when 231022 is divided by 115235?
552
What is the remainder when 186465 is divided by 267?
99
What is the remainder when 1022537 is divided by 425?
412
Calculate the remainder when 1000452 is divided by 166733.
54
Calculate the remainder when 9133267 is divided by 26.
13
Calculate the remainder when 1063582 is divided by 8716.
230
What is the remainder when 25357 is divided by 12272?
813
Calculate the remainder when 2904222 is divided by 126270.
12
What is the remainder when 144190 is divided by 20561?
263
What is the remainder when 226973 is divided by 3846?
59
Calculate the remainder when 22963 is divided by 120.
43
Calculate the remainder when 283792 is divided by 70838.
440
Calculate the remainder when 194441649 is divided by 35.
24
Calculate the remainder when 5263251 is divided by 802.
527
Calculate the remainder when 3530013 is divided by 882430.
293
What is the remainder when 26401524 is divided by 16924?
84
Calculate the remainder when 726019 is divided by 371.
343
What is the remainder when 410254 is divided by 102184?
1518
Calculate the remainder when 3243749 is divided by 129748.
49
What is the remainder when 960939 is divided by 480406?
127
Calculate the remainder when 767217 is divided by 478.
27
What is the remainder when 2138275 is divided by 247?
243
What is the remainder when 19485 is divided by 207?
27
Calculate the remainder when 154805 is divided by 51385.
650
Calculate the remainder when 79018410 is divided by 313.
308
What is the remainder when 311037200 is divided by 358?
356
Calculate the remainder when 48920576 is divided by 2233.
12
What is the remainder when 1431618 is divided by 19346?
14
Calculate the remainder when 144183398 is divided by 99.
95
Calculate the remainder when 2953099 is divided by 5779.
30
Calculate the remainder when 189882537 is divided by 30.
27
What is the remainder when 18512 is divided by 8641?
1230
Calculate the remainder when 27761 is divided by 184.
161
Calculate the remainder when 24238 is divided by 358.
252
Calculate the remainder when 13831650 is divided by 742.
28
What is the remainder when 14568419 is divided by 1736?
1643
What is the remainder when 29718118 is divided by 165?
133
What is the remainder when 5660600 is divided by 1336?
1304
What is the remainder when 38605522 is divided by 461?
460
What is the remainder when 1017894 is divided by 338053?
3735
Calculate the remainder when 7570167 is divided by 699.
696
What is the remainder when 24856741 is divided by 86308?
37
What is the remainder when 1382711 is divided by 186?
173
Calculate the remainder when 89241 is divided by 9550.
3291
What is the remainder when 52838 is divided by 2397?
104
Calculate the remainder when 4243434 is divided by 34.
30
Calculate the remainder when 743282 is divided by 1791.
17
What is the remainder when 35215 is divided by 35186?
29
Calculate the remainder when 861869 is divided by 492.
377
Calculate the remainder when 363574572 is divided by 225.
222
What is the remainder when 21546357 is divided by 165?
162
What is the remainder when 232735 is divided by 58133?
203
Calculate the remainder when 6168 is divided by 507.
84
Calculate the remainder when 75977 is divided by 5819.
330
Calculate the remainder when 23773763 is divided by 1981146.
11
Calculate the remainder when 29497621 is divided by 5.
1
Calculate the remainder when 9496400 is divided by 1803.
1802
Calculate the remainder when 7038 is divided by 5811.
1227
Calculate the remainder when 1693526 is divided by 169349.
36
Calculate the remainder when 78026716 is divided by 6002054.
14
What is the remainder when 881566 is divided by 293855?
1
Calculate the remainder when 135231 is divided by 119.
47
Calculate the remainder when 381734 is divided by 3674.
3312
What is the remainder when 423200 is divided by 422998?
202
What is the remainder when 3654240 is divided by 6513?
447
What is the remainder when 2619304 is divided by 6049?
87
Calculate the remainder when 7912 is divided by 790.
12
Calculate the remainder when 6366 is divided by 212.
6
What is the remainder when 12356148 is divided by 231?
189
Calculate the remainder when 12364099 is divided by 4554.
4543
Calculate the remainder when 210929 is divided by 34.
27
Calculate the remainder when 6845494 is divided by 28.
26
Calculate the remainder when 71684 is divided by 228.
92
Calculate the remainder when 576787174 is divided by 433.
431
Calculate the remainder when 3818998 is divided by 17.
16
What is the remainder when 1115706 is divided by 6601?
137
What is the remainder when 41833612 is divided by 10458394?
36
Calculate the remainder when 354574 is divided by 123.
88
Calculate the remainder when 94508 is divided by 8.
4
Calculate the remainder when 11153215 is divided by 7122.
163
What is the remainder when 316101652 is divided by 198?
196
Calculate the remainder when 18179 is divided by 2981.
293
Calculate the remainder when 212682 is divided by 7322.
344
What is the remainder when 806312 is divided by 356?
328
What is the remainder when 24167800 is divided by 138?
136
What is the remainder when 45873 is divided by 408?
177
Calculate the remainder when 343350 is divided by 1034.
62
Calculate the remainder when 37839 is divided by 86.
85
What is the remainder when 138876371 is divided by 33?
29
What is the remainder when 224588 is divided by 11201?
568
What is the remainder when 18764205 is divided by 156?
57
Calculate the remainder when 360568 is divided by 739.
675
Calculate the remainder when 226834 is divided by 5155.
14
Calculate the remainder when 248370 is divided by 30760.
2290
Calculate the remainder when 5211707 is divided by 1042337.
22
What is the remainder when 157643 is divided by 78368?
907
Calculate the remainder when 70951 is divided by 3733.
24
Calculate the remainder when 1493434 is divided by 9890.
44
Calculate the remainder when 6372296 is divided by 53.
0
Calculate the remainder when 135823 is divided by 877.
765
What is the remainder when 1389439 is divided by 299?
285
What is the remainder when 632517 is divided by 184?
109
What is the remainder when 86894 is divided by 621?
575
What is the remainder when 731794 is divided by 3412?
1626
Calculate the remainder when 92723 is divided by 81.
59
What is the remainder when 148042 is divided by 350?
342
Calculate the remainder when 3298786 is divided by 34007.
107
Calculate the remainder when 7413997 is divided by 227.
177
What is the remainder when 238563037 is divided by 4738?
4737
What is the remainder when 702012 is divided by 27?
12
Calculate the remainder when 793605 is divided by 914.
253
What is the remainder when 23470899 is divided by 234?
231
What is the remainder when 29529 is divided by 140?
129
What is the remainder when 573138 is divided by 143259?
102
Calculate the remainder when 25304 is divided by 203.
132
Calculate the remainder when 791006 is divided by 495.
491
Calculate the remainder when 210833 is divided by 5130.
503
What is the remainder when 999855 is divided by 519?
261
What is the remainder when 3171196 is divided by 352?
28
Calculate the remainder when 38532227 is divided by